 base 15, what is 98 - -5bac4?
5bb6c
In base 13, what is -b1bb + -105?
-b2c3
In base 9, what is 18605687 - 12?
18605675
In base 3, what is -101020 + -210020021?
-210121111
In base 2, what is -11010001110001101 + -10000?
-11010001110011101
In base 12, what is 65195 - -4a5?
6567a
In base 16, what is 1576020 + 11?
1576031
In base 2, what is -1011001101 - -110010000011001101?
110001111000000000
In base 12, what is -b13ab + -619?
-b1a08
In base 13, what is 16a7 + 620?
1cc7
In base 9, what is -3070 + 18880?
15810
In base 3, what is -100222011212220 - 12?
-100222011220002
In base 15, what is 3d5979 - 3?
3d5976
In base 2, what is 100100101 - 1001011011110001?
-1001010111001100
In base 15, what is -2 + 308bc82?
308bc80
In base 2, what is 1101110000010 + -100010110110101?
-10101000110011
In base 13, what is -a158 - 243?
-a39b
In base 6, what is -3013 + -43024?
-50041
In base 11, what is 2026574 - 66?
2026509
In base 6, what is -1032053 + -1104?
-1033201
In base 13, what is -137a6b3 - a4?
-137a787
In base 8, what is 6141 - -2725?
11066
In base 8, what is -2 - 32447562?
-32447564
In base 4, what is -13230120 - -122012?
-13102102
In base 14, what is -ccbac9 - -4?
-ccbac5
In base 6, what is 3520224 - 21?
3520203
In base 15, what is 6 - a48472?
-a4846b
In base 6, what is -11550 + 40035?
24045
In base 9, what is 1005131 - 283?
1004737
In base 7, what is -22 - -644632565?
644632543
In base 5, what is -10 - -231243403033?
231243403023
In base 15, what is -2134 + 21b9?
85
In base 10, what is 2 - 461457?
-461455
In base 3, what is -10102012 + -12120200?
-22222212
In base 10, what is -72 + 17722?
17650
In base 4, what is 31101130 - 33?
31101031
In base 5, what is 142302124202 + 2?
142302124204
In base 9, what is -1183 + 134152?
132858
In base 11, what is a0a3 + -67a?
9524
In base 10, what is 6 + 100936?
100942
In base 7, what is -263021102 - -4?
-263021065
In base 7, what is -60543 - 221500?
-312343
In base 9, what is -20623725 + 0?
-20623725
In base 8, what is 4 - 7200051?
-7200045
In base 14, what is -1072a0c6 + 3?
-1072a0c3
In base 11, what is -1458283 + -240?
-1458513
In base 6, what is 3142452523 + 0?
3142452523
In base 11, what is -3665268 + -4?
-3665271
In base 9, what is 4 - -10187172?
10187176
In base 3, what is 10010 + -201102210020?
-201102200010
In base 9, what is -1658 + -6006?
-7665
In base 3, what is -12 + 11202021010121012?
11202021010121000
In base 11, what is 58 - 423353?
-4232a6
In base 13, what is 12391b3 + 5?
12391b8
In base 9, what is 115 + -8570?
-8454
In base 4, what is -2320332 - -21211022?
12230030
In base 7, what is 61 + -60446636?
-60446545
In base 5, what is 4114130341 - 104?
4114130232
In base 3, what is -2222000212 + -120102?
-2222121021
In base 8, what is 41640752 + -3?
41640747
In base 2, what is -100010011101110001101 + -110?
-100010011101110010011
In base 7, what is 101 - -334261504?
334261605
In base 7, what is 3234 - 2625?
306
In base 14, what is 140627 - -2?
140629
In base 12, what is -576211b + 1?
-576211a
In base 8, what is 70361526 - -5?
70361533
In base 8, what is 15 + 67210720?
67210735
In base 14, what is b2633a + -5?
b26335
In base 13, what is -18 - -66c96a?
66c952
In base 3, what is 1210 - 1210121022002111?
-1210121022000201
In base 3, what is 1000202202002012 - 22?
1000202202001220
In base 11, what is -5458 - 61481?
-66929
In base 15, what is 231889 - 0?
231889
In base 8, what is 140722 + -526?
140174
In base 3, what is 1 + 2221101011101?
2221101011102
In base 5, what is -4 - -1222312224?
1222312220
In base 15, what is -30d - 149a?
-17a8
In base 8, what is -14642 + 46723?
32061
In base 16, what is 15c - -4d32?
4e8e
In base 4, what is 1230302332 + 1331?
1230310323
In base 14, what is 5108 - -222a?
7334
In base 9, what is 8768373 - -1?
8768374
In base 7, what is 4341214216 - 1?
4341214215
In base 10, what is -92 - -10780?
10688
In base 6, what is -3 + -41311325535?
-41311325542
In base 4, what is -333 + -1300010320?
-1300011313
In base 5, what is -10 + 2311132?
2311122
In base 14, what is -6181 - -6?
-6179
In base 14, what is -d1bb0 + -212?
-d1dc2
In base 15, what is -2b - 922e8?
-92324
In base 7, what is 2 - 2505610415?
-2505610413
In base 6, what is -111 + -33321442?
-33321553
In base 11, what is a42917 - a?
a42908
In base 11, what is -4 - -a33a438?
a33a434
In base 14, what is 20 + -149a45?
-149a25
In base 4, what is -10 - 3321032211?
-3321032221
In base 6, what is 43214020 + -132?
43213444
In base 8, what is 10132 + 3033?
13165
In base 6, what is -50 + -13115252?
-13115342
In base 14, what is b6b533 - 7?
b6b52a
In base 14, what is 18c763a0 + 4?
18c763a4
In base 4, what is -22312332230 + -1103?
-22312333333
In base 14, what is -1622b7 + -32?
-162309
In base 13, what is -191cc05 + 18?
-191cbba
In base 2, what is -10001100001100110 + 11111100111?
-10001000001111111
In base 12, what is 194a4102 - 1?
194a4101
In base 3, what is -11221100 - -200012212?
111021112
In base 2, what is -10111010000 + 111001011111110?
110110100101110
In base 10, what is 2485543 + 66?
2485609
In base 2, what is 10010101000100000 - 1110110101?
10010011001101011
In base 2, what is -10000001111110010 - -1111100010?
-10000000000010000
In base 11, what is -1959 + 1164?
-7a5
In base 12, what is 43689998 + 3?
4368999b
In base 4, what is 100230 - -1013000?
1113230
In base 2, what is -101011111101011111 + -111000?
-101011111110010111
In base 11, what is -36 + -339715?
-339750
In base 5, what is 0 - -4114312214?
4114312214
In base 3, what is -1112101022002011 + 21?
-1112101022001220
In base 4, what is 32331233 - 11112?
32320121
In base 14, what is -393 - -1690?
12db
In base 3, what is -222212202200001 + 2?
-222212202122222
In base 2, what is 1101000010100010 - 100110101?
1100111101101101
In base 16, what is -3 - -5bc518?
5bc515
In base 7, what is 122114 + 160630?
313044
In base 10, what is -97815807 + 3?
-97815804
In base 8, what is -1004 - 11447?
-12453
In base 16, what is 2a9548 - -2?
2a954a
In base 4, what is 1310 - 120002022?
-120000112
In base 6, what is 22401000 + -21?
22400535
In base 13, what is -3 + -8ac3427?
-8ac342a
In base 15, what is -a - 83b128?
-83b133
In base 6, what is -45012034 + 1?
-45012033
In base 11, what is 197559a23 + 4?
197559a27
In base 13, what is 2 - -1012546a?
1012546c
In base 2, what is -1101011011010001010 + 1000100?
-1101011011001000110
In base 14, what is 4 + 127052c?
1270532
In base 10, what is -9 + -16819760?
-16819769
In base 5, what is 2023 + -1320230?
-1313202
In base 4, what is -1012 - -2220123?
2213111
In base 9, what is -1141 + 22658?
21517
In base 5, what is -14332 - -1113124?
1043242
In base 10, what is 19184952 - 4?
19184948
In base 4, what is -330 - -310003323?
310002333
In base 4, what is -10013111020 - 103?
-10013111123
In base 5, what is -122303 + -1100211?
-1223014
In base 12, what is -48 + 5621b6?
56216a
In base 5, what is 204344140 - -42?
204344232
In base 4, what is 123 - -133310221?
133311010
In base 11, what is 3 + 2a37574?
2a37577
In base 5, what is 422 + -204033021?
-204032044
In base 4, what is 100 + -230103300?
-230103200
In base 3, what is -12221 + -210212111012?
-210212201010
In base 10, what is -798 - 2651?
-3449
In base 12, what is 1b78 - 21377?
-1b3bb
In base 7, what is -16 + 101655201?
101655152
In base 5, what is 0 - -114104114201?
114104114201
In base 11, what is -a5739a48 - 3?
-a5739a50
In base 7, what is -5 + 31242163?
31242155
In base 4, what is 210112322120031 + 11?
210112322120102
In base 11, what is -11a26a76 + 3?
-11a26a73
In base 3, what is -2 - 112020220201122211?
-112020220201122220
In base 9, what is -1426 - 5552?
-7078
In base 10, what is -1791543 - 128?
-1791671
In base 2, what is 10111000001111000101001 + 11?
10111000001111000101100
In base 10, what is -3 - 187027721?
-187027724
In base 4, what is 32 + -21202113300?
-21202113202
In base 12, what is 13 - -26118?
2612b
In base 5, what is 4103113422 - 22?
4103113400
In base 7, what is 2250032 + 362?
2250424
In base 6, what is -5 + 104021403?
104021354
In base 5, what is -21114311404 - 3?
-21114311412
In base 9, what is -1805523 + 0?
-1805523
In base 8, what is -1502227 - 11?
-1502240
In base 2, what is 10 + -1010010111010000011101001?
-1010010111010000011100111
In base 13, what is -6c469 - 17a6?
-70c42
In base 3, what is 1220